001?
True
Is 466 a factor of 3135269317?
False
Does 49 divide 30708589?
False
Is 94 a factor of 3515086948?
True
Is 60 a factor of 52761623?
False
Is 96666817 a multiple of 15?
False
Is 31379260 a multiple of 209?
True
Is 130 a factor of 48588670?
True
Is 491 a factor of 1147386476?
True
Does 1511 divide 4140535882?
True
Is 1742471446 a multiple of 281?
True
Is 28411648 a multiple of 464?
True
Is 223281050 a multiple of 109?
True
Is 1977 a factor of 250987796?
False
Is 137254260 a multiple of 858?
True
Does 60 divide 5803878961?
False
Does 45 divide 14942296?
False
Does 69 divide 709570049?
False
Is 13105368 a multiple of 43?
True
Is 5973866 a multiple of 19?
True
Does 2359 divide 8744789?
False
Is 42459750 a multiple of 565?
True
Is 17742279 a multiple of 62?
False
Is 18 a factor of 514424952?
True
Does 10 divide 156473720?
True
Is 820 a factor of 501173801?
False
Is 579 a factor of 21501165?
True
Is 17520165 a multiple of 13?
True
Is 11 a factor of 561663215?
False
Does 5721 divide 78291885?
True
Is 7 a factor of 5388985?
True
Is 112 a factor of 174511680?
True
Is 60265269 a multiple of 3148?
False
Is 8581106 a multiple of 9?
False
Does 968 divide 2231543952?
True
Is 67925443 a multiple of 173?
False
Is 1366584321 a multiple of 132?
False
Is 56761688 a multiple of 9?
False
Does 425 divide 170561381?
False
Is 402 a factor of 3112765918?
False
Does 1576 divide 52822207?
False
Does 11 divide 167354663?
False
Is 75843480 a multiple of 60?
True
Is 59811884 a multiple of 23?
False
Is 15 a factor of 107700240?
True
Is 62 a factor of 56262564?
False
Is 1207859202 a multiple of 198?
True
Is 59641296 a multiple of 2288?
True
Is 421063902 a multiple of 114?
True
Is 6480269 even?
False
Is 1272013149 a multiple of 315?
False
Does 13 divide 205379421?
True
Is 1154 a factor of 166341022?
True
Is 38258840 a multiple of 3?
False
Does 32 divide 185299139?
False
Is 531 a factor of 3965214?
False
Does 19 divide 144614206?
True
Is 250278868 a multiple of 196?
True
Does 3983 divide 508248142?
False
Is 18 a factor of 9487368?
True
Is 1105529078 a multiple of 2594?
True
Does 11 divide 30003783?
False
Is 92 a factor of 22269336?
True
Does 959 divide 137955986?
True
Does 226 divide 13174683?
False
Is 478764608 a multiple of 32?
True
Is 71576201 a multiple of 19?
False
Is 14 a factor of 1669850?
True
Is 876 a factor of 1172147568?
True
Does 20 divide 5574574360?
True
Is 10 a factor of 793914313?
False
Does 1128 divide 1562233385?
False
Does 6 divide 562243434?
True
Is 69 a factor of 17551303?
False
Is 26675534 a multiple of 4?
False
Does 58 divide 18902113?
False
Is 42771468 a multiple of 142?
False
Is 124661306 a multiple of 14?
True
Is 2394 a factor of 72882936?
True
Does 11 divide 81571997?
False
Does 1621 divide 241650575?
True
Is 17912222 a multiple of 23?
False
Is 86167758 a multiple of 104?
False
Is 431935011 a multiple of 9?
True
Is 1687664022 a multiple of 16?
False
Is 3015 a factor of 481610070?
True
Is 24 a factor of 39628514?
False
Is 1417618777 a multiple of 37?
True
Is 607852 a multiple of 14?
True
Is 66 a factor of 10347942?
True
Does 482 divide 248711036?
True
Is 194 a factor of 518688488?
True
Does 143 divide 6642922?
True
Is 12 a factor of 368040540?
True
Is 1893198795 a multiple of 21?
False
Is 3564 a factor of 100561824?
True
Is 92674351 a multiple of 324?
False
Does 90 divide 2540406240?
True
Is 401 a factor of 1372177740?
False
Does 66 divide 13125335?
False
Is 59714615 a multiple of 591?
False
Is 135 a factor of 23079390?
False
Does 12 divide 47978220?
True
Does 2203 divide 52655636?
False
Does 44 divide 70765557?
False
Does 16 divide 42518848?
True
Is 49 a factor of 42865845?
False
Does 115 divide 19603820?
True
Does 46 divide 83512529?
False
Is 10065320 a multiple of 29?
True
Is 15 a factor of 12860710?
False
Is 3218496960 a multiple of 16?
True
Is 99379034 a multiple of 839?
False
Is 3 a factor of 12635313?
True
Is 69391828 a multiple of 318?
False
Is 1243 a factor of 1237473839?
False
Is 5 a factor of 114049087?
False
Is 6612015 a multiple of 15?
True
Is 16 a factor of 83047968?
True
Is 17186592 a multiple of 51?
True
Is 5 a factor of 11258748?
False
Is 1109127312 a multiple of 4?
True
Does 1652 divide 23154432?
True
Is 26271809 a multiple of 218?
False
Is 71 a factor of 721207989?
True
Does 51 divide 13797183?
True
Is 40591851 a multiple of 167?
False
Does 51 divide 18051489?
False
Does 396 divide 8390220?
False
Does 1484 divide 35936240?
False
Is 4 a factor of 706850044?
True
Is 40 a factor of 1174479680?
True
Is 71017035 a multiple of 167?
False
Is 777 a factor of 419629728?
True
Does 1044 divide 90740304?
True
Is 907337535 a multiple of 1303?
True
Is 3032818848 a multiple of 18?
True
Is 58393428 a multiple of 2601?
False
Is 246 a factor of 52636603?
False
Is 133530525 a multiple of 1525?
True
Is 70 a factor of 14942386?
False
Does 310 divide 7990417?
False
Does 18 divide 554687028?
True
Is 6203755 a multiple of 9?
False
Is 868 a factor of 2312567182?
False
Is 44 a factor of 440253492?
False
Does 3668 divide 545118638?
False
Is 189 a factor of 61548417?
True
Does 721 divide 3429214299?
False
Is 30914760 a multiple of 15?
True
Is 38472036 a multiple of 114?
True
Is 769308120 a multiple of 56?
True
Is 83829299 a multiple of 45?
False
Is 120 a factor of 19680346?
False
Is 141888236 a multiple of 1232?
False
Does 36 divide 5734368?
True
Is 162928968 a multiple of 6?
True
Does 112 divide 237693680?
True
Is 150 a factor of 1120616142?
False
Does 99 divide 5555656557?
True
Does 1235 divide 115823402?
False
Is 16210830 a multiple of 6?
True
Is 3615 a factor of 67654725?
True
Is 277 a factor of 1639541117?
True
Does 398 divide 46422720?
True
Is 454578048 a multiple of 64?
True
Does 157 divide 23898697?
True
Is 19489646 a multiple of 11?
True
Is 194983227 a multiple of 1143?
True
Does 1197 divide 52903328?
False
Does 3408 divide 982662720?
True
Does 51 divide 403512?
True
Is 7529218 a multiple of 11?
False
Is 296992642 even?
True
Is 91 a factor of 246622285?
True
Does 46 divide 15173514?
True
Is 311240664 a multiple of 36?
True
Does 4334 divide 3042415992?
True
Is 456 a factor of 7508307?
False
Does 24 divide 18486288?
True
Does 807 divide 40462173?
True
Does 542 divide 23705361?
False
Is 6 a factor of 22658010?
True
Is 29 a factor of 24865703?
False
Is 99 a factor of 955958553?
True
Does 29 divide 1090497333?
False
Is 19705784 a multiple of 2762?
False
Does 66 divide 11878614?
True
Is 447 a factor of 10582278?
True
Does 1155 divide 133217700?
True
Does 226 divide 1791552?
False
Does 49 divide 1045555032?
False
Is 437763388 a multiple of 211?
True
Does 1219 divide 339118486?
True
Does 1166 divide 8861067?
False
Is 117 a factor of 776179?
False
Is 1521393522 a multiple of 807?
True
Is 1019912100 a multiple of 12?
True
Does 141 divide 15293639?
False
Is 47 a factor of 1212130?
True
Does 2 divide 50798299?
False
Is 1334 a factor of 58627355?
False
Is 1237019856 a multiple of 184?
True
Is 27602806 a multiple of 789?
False
Does 60 divide 33760591?
False
Does 7 divide 18240488?
True
Does 45 divide 116917175?
False
Does 6385 divide 927320635?
False
Is 11 a factor of 80571546?
True
Is 18 a factor of 501715402?
False
Is 219625589 a multiple of 3495?
False
Does 661 divide 5615195?
True
Is 2 a factor of 1795342?
True
Is 606 a factor of 17830649?
False
Does 35 divide 348845?
True
Does 22 divide 1044901858?
True
Does 131 divide 757258777?
False
Does 1893 divide 865591733?
False
Is 76 a factor of 535755183?
False
Is 28804582 a multiple of 288?
False
Is 228 a factor of 47202897?
False
Does 2559 divide 133201938?
False
Is 415 a factor of 964172931?
False
Is 1073 a factor of 407961871?
False
Does 529 divide 4984767?
True
Is 640 a factor of 51229000?
False
Is 8252935 a multiple of 13?
False
Is 1693121920 a multiple of 76?
True
Is 149 a factor of 98590697?
False
Is 10998197 a multiple of 577?
True
Is 413622533 a multiple of 36?
False
Is 824 a factor of 17222634?
False
Is 5 a factor of 427137077?
False
Is 187158950 a multiple of 187?
True
Is 1084307133 a multiple of 6545?
False
Is 1815 a factor of 231576083?
False
Does 31 divide 155803174?
False
Is 292476781 a multiple of 4?
False
Does 146 divide 942553516?
True
Does 57 divide 42451662?
True
Does 876 divide 24973